[INFO] cloning repository https://github.com/Mark-Simulacrum/crater-report-merge
[INFO] running `Command { std: "git" "-c" "credential.helper=" "-c" "credential.helper=/workspace/cargo-home/bin/git-credential-null" "clone" "--bare" "https://github.com/Mark-Simulacrum/crater-report-merge" "/workspace/cache/git-repos/https%3A%2F%2Fgithub.com%2FMark-Simulacrum%2Fcrater-report-merge", kill_on_drop: false }`
[INFO] [stderr] Cloning into bare repository '/workspace/cache/git-repos/https%3A%2F%2Fgithub.com%2FMark-Simulacrum%2Fcrater-report-merge'...
[INFO] running `Command { std: "git" "rev-parse" "HEAD", kill_on_drop: false }`
[INFO] [stdout] 069c3668f04930ad33099f25b4cb38e43483fc81
[INFO] checking Mark-Simulacrum/crater-report-merge against try#72f88fc4e9458f89516a0b8b0868f3718aec5b47 for pr-74989
[INFO] running `Command { std: "git" "clone" "/workspace/cache/git-repos/https%3A%2F%2Fgithub.com%2FMark-Simulacrum%2Fcrater-report-merge" "/workspace/builds/worker-0/source", kill_on_drop: false }`
[INFO] [stderr] Cloning into '/workspace/builds/worker-0/source'...
[INFO] [stderr] done.
[INFO] validating manifest of git repo https://github.com/Mark-Simulacrum/crater-report-merge on toolchain 72f88fc4e9458f89516a0b8b0868f3718aec5b47
[INFO] running `Command { std: "/workspace/cargo-home/bin/cargo" "+72f88fc4e9458f89516a0b8b0868f3718aec5b47" "read-manifest" "--manifest-path" "Cargo.toml", kill_on_drop: false }`
[INFO] started tweaking git repo https://github.com/Mark-Simulacrum/crater-report-merge
[INFO] finished tweaking git repo https://github.com/Mark-Simulacrum/crater-report-merge
[INFO] tweaked toml for git repo https://github.com/Mark-Simulacrum/crater-report-merge written to /workspace/builds/worker-0/source/Cargo.toml
[INFO] crate git repo https://github.com/Mark-Simulacrum/crater-report-merge already has a lockfile, it will not be regenerated
[INFO] running `Command { std: "/workspace/cargo-home/bin/cargo" "+72f88fc4e9458f89516a0b8b0868f3718aec5b47" "fetch" "--locked" "--manifest-path" "Cargo.toml", kill_on_drop: false }`
[INFO] [stderr]     Blocking waiting for file lock on package cache
[INFO] [stderr]     Updating git repository `https://github.com/Mark-Simulacrum/release-triage.git`
[INFO] [stderr]     Blocking waiting for file lock on package cache
[INFO] running `Command { std: "docker" "create" "-v" "/var/lib/crater-agent-workspace/builds/worker-0/target:/opt/rustwide/target:rw,Z" "-v" "/var/lib/crater-agent-workspace/builds/worker-0/source:/opt/rustwide/workdir:ro,Z" "-v" "/var/lib/crater-agent-workspace/cargo-home:/opt/rustwide/cargo-home:ro,Z" "-v" "/var/lib/crater-agent-workspace/rustup-home:/opt/rustwide/rustup-home:ro,Z" "-e" "SOURCE_DIR=/opt/rustwide/workdir" "-e" "CARGO_TARGET_DIR=/opt/rustwide/target" "-e" "CARGO_HOME=/opt/rustwide/cargo-home" "-e" "RUSTUP_HOME=/opt/rustwide/rustup-home" "-w" "/opt/rustwide/workdir" "-m" "1610612736" "--user" "0:0" "--network" "none" "rustops/crates-build-env@sha256:d92eaeed33fa75130ca1ee6c8a01d1ffb62bac859dfdfb3450e3e5d1c0146529" "/opt/rustwide/cargo-home/bin/cargo" "+72f88fc4e9458f89516a0b8b0868f3718aec5b47" "metadata" "--no-deps" "--format-version=1", kill_on_drop: false }`
[INFO] [stdout] 4d9d0e1ad44b993f6d092c1b4c07cce6639f9949ccb49a4557157fe7455335a5
[INFO] [stderr] WARNING: Your kernel does not support swap limit capabilities or the cgroup is not mounted. Memory limited without swap.
[INFO] running `Command { std: "docker" "start" "-a" "4d9d0e1ad44b993f6d092c1b4c07cce6639f9949ccb49a4557157fe7455335a5", kill_on_drop: false }`
[INFO] running `Command { std: "docker" "inspect" "4d9d0e1ad44b993f6d092c1b4c07cce6639f9949ccb49a4557157fe7455335a5", kill_on_drop: false }`
[INFO] running `Command { std: "docker" "rm" "-f" "4d9d0e1ad44b993f6d092c1b4c07cce6639f9949ccb49a4557157fe7455335a5", kill_on_drop: false }`
[INFO] [stdout] 4d9d0e1ad44b993f6d092c1b4c07cce6639f9949ccb49a4557157fe7455335a5
[INFO] running `Command { std: "docker" "create" "-v" "/var/lib/crater-agent-workspace/builds/worker-0/target:/opt/rustwide/target:rw,Z" "-v" "/var/lib/crater-agent-workspace/builds/worker-0/source:/opt/rustwide/workdir:ro,Z" "-v" "/var/lib/crater-agent-workspace/cargo-home:/opt/rustwide/cargo-home:ro,Z" "-v" "/var/lib/crater-agent-workspace/rustup-home:/opt/rustwide/rustup-home:ro,Z" "-e" "SOURCE_DIR=/opt/rustwide/workdir" "-e" "CARGO_TARGET_DIR=/opt/rustwide/target" "-e" "CARGO_INCREMENTAL=0" "-e" "RUST_BACKTRACE=full" "-e" "RUSTFLAGS=--cap-lints=forbid" "-e" "CARGO_HOME=/opt/rustwide/cargo-home" "-e" "RUSTUP_HOME=/opt/rustwide/rustup-home" "-w" "/opt/rustwide/workdir" "-m" "1610612736" "--user" "0:0" "--network" "none" "rustops/crates-build-env@sha256:d92eaeed33fa75130ca1ee6c8a01d1ffb62bac859dfdfb3450e3e5d1c0146529" "/opt/rustwide/cargo-home/bin/cargo" "+72f88fc4e9458f89516a0b8b0868f3718aec5b47" "check" "--frozen" "--all" "--all-targets" "--message-format=json", kill_on_drop: false }`
[INFO] [stderr] WARNING: Your kernel does not support swap limit capabilities or the cgroup is not mounted. Memory limited without swap.
[INFO] [stdout] 9d70c7be540ae5d32b4c058f1b2eb846223d0a53c7ae2a1a3524e5b444836182
[INFO] running `Command { std: "docker" "start" "-a" "9d70c7be540ae5d32b4c058f1b2eb846223d0a53c7ae2a1a3524e5b444836182", kill_on_drop: false }`
[INFO] [stderr]     Checking cfg-if v0.1.4
[INFO] [stderr]    Compiling version_check v0.1.3
[INFO] [stderr]    Compiling cc v1.0.17
[INFO] [stderr]    Compiling serde v1.0.69
[INFO] [stderr]    Compiling libc v0.2.42
[INFO] [stderr]     Checking ucd-util v0.1.1
[INFO] [stderr]    Compiling openssl v0.9.24
[INFO] [stderr]     Checking void v1.0.2
[INFO] [stderr]     Checking foreign-types-shared v0.1.1
[INFO] [stderr]     Checking scoped-tls v0.1.2
[INFO] [stderr]     Checking matches v0.1.6
[INFO] [stderr]     Checking percent-encoding v1.0.1
[INFO] [stderr]     Checking bitflags v0.9.1
[INFO] [stderr]     Checking utf8-ranges v1.0.0
[INFO] [stderr]    Compiling num-traits v0.2.5
[INFO] [stderr]     Checking take v0.1.0
[INFO] [stderr]     Checking try-lock v0.1.0
[INFO] [stderr]     Checking slab v0.3.0
[INFO] [stderr]     Checking rustc-demangle v0.1.8
[INFO] [stderr]     Checking safemem v0.2.0
[INFO] [stderr]     Checking smallvec v0.2.1
[INFO] [stderr]     Checking dtoa v0.4.2
[INFO] [stderr]    Compiling regex v0.2.11
[INFO] [stderr]     Checking language-tags v0.2.2
[INFO] [stderr]    Compiling regex v1.0.1
[INFO] [stderr]     Checking quick-error v1.2.2
[INFO] [stderr]     Checking ordermap v0.3.5
[INFO] [stderr]     Checking fixedbitset v0.1.9
[INFO] [stderr]     Checking iovec v0.1.2
[INFO] [stderr]     Checking memchr v2.0.1
[INFO] [stderr]     Checking time v0.1.40
[INFO] [stderr]     Checking atty v0.2.10
[INFO] [stderr]    Compiling proc-macro2 v0.4.6
[INFO] [stderr]    Compiling syntex_fmt_macros v0.5.0
[INFO] [stderr]     Checking arrayvec v0.4.7
[INFO] [stderr]     Checking log v0.4.3
[INFO] [stderr]     Checking crossbeam-utils v0.3.2
[INFO] [stderr]     Checking net2 v0.2.33
[INFO] [stderr]     Checking encoding_rs v0.7.2
[INFO] [stderr]     Checking unreachable v1.0.0
[INFO] [stderr]     Checking foreign-types v0.3.2
[INFO] [stderr]     Checking unicode-bidi v0.3.4
[INFO] [stderr]     Checking regex-syntax v0.5.6
[INFO] [stderr]     Checking regex-syntax v0.6.1
[INFO] [stderr]     Checking base64 v0.9.2
[INFO] [stderr]     Checking uuid v0.6.5
[INFO] [stderr]     Checking futures-cpupool v0.1.8
[INFO] [stderr]     Checking humantime v1.1.1
[INFO] [stderr]     Checking bytes v0.4.8
[INFO] [stderr]     Checking tokio-timer v0.2.4
[INFO] [stderr]     Checking aho-corasick v0.6.5
[INFO] [stderr]     Checking csv-core v0.1.4
[INFO] [stderr]    Compiling syn v0.11.11
[INFO] [stderr]    Compiling unicase v1.4.2
[INFO] [stderr]    Compiling unicase v2.1.0
[INFO] [stderr]    Compiling rand v0.4.2
[INFO] [stderr]     Checking thread_local v0.3.5
[INFO] [stderr]     Checking log v0.3.9
[INFO] [stderr]     Checking want v0.0.4
[INFO] [stderr]     Checking mio v0.6.15
[INFO] [stderr]     Checking petgraph v0.4.12
[INFO] [stderr]     Checking crossbeam-epoch v0.4.3
[INFO] [stderr]    Compiling quote v0.6.3
[INFO] [stderr]     Checking idna v0.1.4
[INFO] [stderr]     Checking tokio-io v0.1.7
[INFO] [stderr]     Checking libflate v0.1.16
[INFO] [stderr]    Compiling syn v0.14.4
[INFO] [stderr]     Checking crossbeam-deque v0.3.1
[INFO] [stderr]    Compiling phf_shared v0.7.22
[INFO] [stderr]     Checking tokio-codec v0.1.0
[INFO] [stderr]     Checking tokio-reactor v0.1.2
[INFO] [stderr]     Checking mime v0.3.8
[INFO] [stderr]    Compiling phf_generator v0.7.22
[INFO] [stderr]     Checking tokio-threadpool v0.1.4
[INFO] [stdout] error[E0034]: multiple applicable items in scope
[INFO] [stdout]     --> /opt/rustwide/cargo-home/registry/src/github.com-1ecc6299db9ec823/petgraph-0.4.12/src/graph_impl/stable_graph/mod.rs:1171:19
[INFO] [stdout]      |
[INFO] [stdout] 1171 |         self.iter.find_map(|(i, node)| {
[INFO] [stdout]      |                   ^^^^^^^^ multiple `find_map` found
[INFO] [stdout]      |
[INFO] [stdout] note: candidate #1 is defined in an impl of the trait `IterUtilsExt` for the type `I`
[INFO] [stdout]     --> /opt/rustwide/cargo-home/registry/src/github.com-1ecc6299db9ec823/petgraph-0.4.12/src/iter_utils.rs:5:5
[INFO] [stdout]      |
[INFO] [stdout] 5    | /     fn find_map<F, R>(&mut self, mut f: F) -> Option<R>
[INFO] [stdout] 6    | |         where F: FnMut(Self::Item) -> Option<R>
[INFO] [stdout]      | |_______________________________________________^
[INFO] [stdout]      = note: candidate #2 is defined in an impl of the trait `Iterator` for the type `Enumerate<I>`
[INFO] [stdout] help: disambiguate the associated function for candidate #1
[INFO] [stdout]      |
[INFO] [stdout] 1171 |         IterUtilsExt::find_map(&mut self.iter, |(i, node)| {
[INFO] [stdout] 1172 |             node.weight.as_ref().map(move |w| (node_index(i), w))
[INFO] [stdout] 1173 |         })
[INFO] [stdout]      |
[INFO] [stdout] help: disambiguate the associated function for candidate #2
[INFO] [stdout]      |
[INFO] [stdout] 1171 |         Iterator::find_map(&mut self.iter, |(i, node)| {
[INFO] [stdout] 1172 |             node.weight.as_ref().map(move |w| (node_index(i), w))
[INFO] [stdout] 1173 |         })
[INFO] [stdout]      |
[INFO] [stdout] 
[INFO] [stdout] 
[INFO] [stdout] error[E0034]: multiple applicable items in scope
[INFO] [stdout]     --> /opt/rustwide/cargo-home/registry/src/github.com-1ecc6299db9ec823/petgraph-0.4.12/src/graph_impl/stable_graph/mod.rs:1363:19
[INFO] [stdout]      |
[INFO] [stdout] 1363 |         self.iter.find_map(|(i, edge)|
[INFO] [stdout]      |                   ^^^^^^^^ multiple `find_map` found
[INFO] [stdout]      |
[INFO] [stdout] note: candidate #1 is defined in an impl of the trait `IterUtilsExt` for the type `I`
[INFO] [stdout]     --> /opt/rustwide/cargo-home/registry/src/github.com-1ecc6299db9ec823/petgraph-0.4.12/src/iter_utils.rs:5:5
[INFO] [stdout]      |
[INFO] [stdout] 5    | /     fn find_map<F, R>(&mut self, mut f: F) -> Option<R>
[INFO] [stdout] 6    | |         where F: FnMut(Self::Item) -> Option<R>
[INFO] [stdout]      | |_______________________________________________^
[INFO] [stdout]      = note: candidate #2 is defined in an impl of the trait `Iterator` for the type `Enumerate<I>`
[INFO] [stdout] help: disambiguate the associated function for candidate #1
[INFO] [stdout]      |
[INFO] [stdout] 1363 |         IterUtilsExt::find_map(&mut self.iter, |(i, edge)|
[INFO] [stdout] 1364 |             edge.weight.as_ref().map(move |weight| {
[INFO] [stdout] 1365 |                 EdgeReference {
[INFO] [stdout] 1366 |                     index: edge_index(i),
[INFO] [stdout] 1367 |                     node: edge.node,
[INFO] [stdout] 1368 |                     weight: weight,
[INFO] [stdout]    ...
[INFO] [stdout] help: disambiguate the associated function for candidate #2
[INFO] [stdout]      |
[INFO] [stdout] 1363 |         Iterator::find_map(&mut self.iter, |(i, edge)|
[INFO] [stdout] 1364 |             edge.weight.as_ref().map(move |weight| {
[INFO] [stdout] 1365 |                 EdgeReference {
[INFO] [stdout] 1366 |                     index: edge_index(i),
[INFO] [stdout] 1367 |                     node: edge.node,
[INFO] [stdout] 1368 |                     weight: weight,
[INFO] [stdout]    ...
[INFO] [stdout] 
[INFO] [stdout] 
[INFO] [stdout] error[E0034]: multiple applicable items in scope
[INFO] [stdout]     --> /opt/rustwide/cargo-home/registry/src/github.com-1ecc6299db9ec823/petgraph-0.4.12/src/graph_impl/stable_graph/mod.rs:1527:19
[INFO] [stdout]      |
[INFO] [stdout] 1527 |         self.iter.find_map(|(i, node)| {
[INFO] [stdout]      |                   ^^^^^^^^ multiple `find_map` found
[INFO] [stdout]      |
[INFO] [stdout] note: candidate #1 is defined in an impl of the trait `IterUtilsExt` for the type `I`
[INFO] [stdout]     --> /opt/rustwide/cargo-home/registry/src/github.com-1ecc6299db9ec823/petgraph-0.4.12/src/iter_utils.rs:5:5
[INFO] [stdout]      |
[INFO] [stdout] 5    | /     fn find_map<F, R>(&mut self, mut f: F) -> Option<R>
[INFO] [stdout] 6    | |         where F: FnMut(Self::Item) -> Option<R>
[INFO] [stdout]      | |_______________________________________________^
[INFO] [stdout]      = note: candidate #2 is defined in an impl of the trait `Iterator` for the type `Enumerate<I>`
[INFO] [stdout] help: disambiguate the associated function for candidate #1
[INFO] [stdout]      |
[INFO] [stdout] 1527 |         IterUtilsExt::find_map(&mut self.iter, |(i, node)| {
[INFO] [stdout] 1528 |             if node.weight.is_some() {
[INFO] [stdout] 1529 |                 Some(node_index(i))
[INFO] [stdout] 1530 |             } else { None }
[INFO] [stdout] 1531 |         })
[INFO] [stdout]      |
[INFO] [stdout] help: disambiguate the associated function for candidate #2
[INFO] [stdout]      |
[INFO] [stdout] 1527 |         Iterator::find_map(&mut self.iter, |(i, node)| {
[INFO] [stdout] 1528 |             if node.weight.is_some() {
[INFO] [stdout] 1529 |                 Some(node_index(i))
[INFO] [stdout] 1530 |             } else { None }
[INFO] [stdout] 1531 |         })
[INFO] [stdout]      |
[INFO] [stdout] 
[INFO] [stdout] 
[INFO] [stdout] error[E0034]: multiple applicable items in scope
[INFO] [stdout]     --> /opt/rustwide/cargo-home/registry/src/github.com-1ecc6299db9ec823/petgraph-0.4.12/src/graph_impl/stable_graph/mod.rs:1573:19
[INFO] [stdout]      |
[INFO] [stdout] 1573 |         self.iter.find_map(|(i, node)| {
[INFO] [stdout]      |                   ^^^^^^^^ multiple `find_map` found
[INFO] [stdout]      |
[INFO] [stdout] note: candidate #1 is defined in an impl of the trait `IterUtilsExt` for the type `I`
[INFO] [stdout]     --> /opt/rustwide/cargo-home/registry/src/github.com-1ecc6299db9ec823/petgraph-0.4.12/src/iter_utils.rs:5:5
[INFO] [stdout]      |
[INFO] [stdout] 5    | /     fn find_map<F, R>(&mut self, mut f: F) -> Option<R>
[INFO] [stdout] 6    | |         where F: FnMut(Self::Item) -> Option<R>
[INFO] [stdout]      | |_______________________________________________^
[INFO] [stdout]      = note: candidate #2 is defined in an impl of the trait `Iterator` for the type `Enumerate<I>`
[INFO] [stdout] help: disambiguate the associated function for candidate #1
[INFO] [stdout]      |
[INFO] [stdout] 1573 |         IterUtilsExt::find_map(&mut self.iter, |(i, node)| {
[INFO] [stdout] 1574 |             if node.weight.is_some() {
[INFO] [stdout] 1575 |                 Some(edge_index(i))
[INFO] [stdout] 1576 |             } else { None }
[INFO] [stdout] 1577 |         })
[INFO] [stdout]      |
[INFO] [stdout] help: disambiguate the associated function for candidate #2
[INFO] [stdout]      |
[INFO] [stdout] 1573 |         Iterator::find_map(&mut self.iter, |(i, node)| {
[INFO] [stdout] 1574 |             if node.weight.is_some() {
[INFO] [stdout] 1575 |                 Some(edge_index(i))
[INFO] [stdout] 1576 |             } else { None }
[INFO] [stdout] 1577 |         })
[INFO] [stdout]      |
[INFO] [stdout] 
[INFO] [stdout] 
[INFO] [stderr]    Compiling openssl-sys v0.9.33
[INFO] [stderr]    Compiling backtrace-sys v0.1.23
[INFO] [stderr]     Checking phf v0.7.22
[INFO] [stderr]    Compiling phf_codegen v0.7.22
[INFO] [stderr]     Checking url v1.7.0
[INFO] [stderr]     Checking num-integer v0.1.39
[INFO] [stdout] error: aborting due to 4 previous errors
[INFO] [stdout] 
[INFO] [stdout] 
[INFO] [stdout] For more information about this error, try `rustc --explain E0034`.
[INFO] [stdout] 
[INFO] [stderr] error: could not compile `petgraph`.
[INFO] [stderr] 
[INFO] [stderr] To learn more, run the command again with --verbose.
[INFO] [stderr] warning: build failed, waiting for other jobs to finish...
[INFO] [stdout] error[E0713]: borrow may still be in use when destructor runs
[INFO] [stdout]    --> /opt/rustwide/cargo-home/registry/src/github.com-1ecc6299db9ec823/url-1.7.0/src/form_urlencoded.rs:261:40
[INFO] [stdout]     |
[INFO] [stdout] 259 | impl<'a> Target for ::UrlQuery<'a> {
[INFO] [stdout]     |      -- lifetime `'a` defined here
[INFO] [stdout] 260 |     fn as_mut_string(&mut self) -> &mut String { &mut self.url.serialization }
[INFO] [stdout] 261 |     fn finish(self) -> &'a mut ::Url { self.url }
[INFO] [stdout]     |                                        ^^^^^^^^ - here, drop of `self` needs exclusive access to `*self.url`, because the type `UrlQuery<'_>` implements the `Drop` trait
[INFO] [stdout]     |                                        |
[INFO] [stdout]     |                                        returning this value requires that `*self.url` is borrowed for `'a`
[INFO] [stdout] 
[INFO] [stdout] 
[INFO] [stdout] error: aborting due to previous error
[INFO] [stdout] 
[INFO] [stdout] 
[INFO] [stdout] For more information about this error, try `rustc --explain E0713`.
[INFO] [stdout] 
[INFO] [stderr] error: build failed
[INFO] running `Command { std: "docker" "inspect" "9d70c7be540ae5d32b4c058f1b2eb846223d0a53c7ae2a1a3524e5b444836182", kill_on_drop: false }`
[INFO] running `Command { std: "docker" "rm" "-f" "9d70c7be540ae5d32b4c058f1b2eb846223d0a53c7ae2a1a3524e5b444836182", kill_on_drop: false }`
[INFO] [stdout] 9d70c7be540ae5d32b4c058f1b2eb846223d0a53c7ae2a1a3524e5b444836182
